{"id":2,"date":"2017-10-27T10:05:24","date_gmt":"2017-10-27T08:05:24","guid":{"rendered":"http:\/\/surgelatoselezionato.it\/nuovo\/?page_id=2"},"modified":"2023-03-27T18:27:00","modified_gmt":"2023-03-27T16:27:00","slug":"chi-siamo","status":"publish","type":"page","link":"https:\/\/surgelatoselezionato.it\/?page_id=2","title":{"rendered":"Chi siamo"},"content":{"rendered":"<div id=\"testo\" style=\"text-align: center; color: #2f3787;\">\n<p class=\"_2cuy _3dgx _2vxa\">Chi \u00e8 Blufin &#8211; Surgelato Selezionato?<\/p>\n<p>Blufin\u00ae Surgelato Selezionato \u00e8 un marchio di punti di vendita presente ad Aci Bonaccorsi e a Giarre, che tratta prodotti di assoluta qualit\u00e0 nel totale rispetto della catena del freddo.<\/p>\n<p>I negozi Blufin sono da sempre garanzia di genuinit\u00e0 e gentilezza, il nostro personale \u00e8 disponibile a soddisfare ogni vostra esigenza per farvi gustare il pesce e gli altri prodotti surgelati in tutta la loro bont\u00e0 e freschezza.<br \/>\nI surgelati selezionati di Blufin sono principalmente prodotti ittici, quali pesce al naturale, filetti di pesce senza spine, misti per primi piatti, crostacei sgusciati, preparati di pesce panati e pastellati; ma nei nostri punti vendita troverete anche grande variet\u00e0 di stuzziccheria, vegetali, gelati, granite, pizze, patate, tavola calda, prima colazione e tanto altro.<\/p>\n<p>L\u2019attenzione di Blufin per la selezione e la qualit\u00e0 dei prodotti consente di offrire ai clienti solo il meglio del mare, garantendo il massimo della freschezza e della bont\u00e0, da conservare nei propri freezer per averli sempre a vostra disposizione.<br \/>\nVi aspettiamo ad Aci Bonaccorsi e a Giarre, nei nostri negozi Blufin di surgelato selezionato, per scoprire la variet\u00e0 e la qualit\u00e0 di tutti i nostri prodotti.<\/p>\n<\/div>\n<p><img loading=\"lazy\" decoding=\"async\" src=\"http:\/\/surgelatoselezionato.it\/wp-content\/uploads\/2019\/02\/DEF_web_GRAFICA-RETE-MESH-2-150x26.jpg\" alt=\"\" width=\"768\" height=\"133\" class=\"alignnone wp-image-2234\" srcset=\"https:\/\/surgelatoselezionato.it\/wp-content\/uploads\/2019\/02\/DEF_web_GRAFICA-RETE-MESH-2-150x26.jpg 150w, https:\/\/surgelatoselezionato.it\/wp-content\/uploads\/2019\/02\/DEF_web_GRAFICA-RETE-MESH-2-300x52.jpg 300w, https:\/\/surgelatoselezionato.it\/wp-content\/uploads\/2019\/02\/DEF_web_GRAFICA-RETE-MESH-2-768x133.jpg 768w, https:\/\/surgelatoselezionato.it\/wp-content\/uploads\/2019\/02\/DEF_web_GRAFICA-RETE-MESH-2-1024x177.jpg 1024w, https:\/\/surgelatoselezionato.it\/wp-content\/uploads\/2019\/02\/DEF_web_GRAFICA-RETE-MESH-2-600x104.jpg 600w\" sizes=\"auto, (max-width: 768px) 100vw, 768px\" \/><\/p>\n","protected":false},"excerpt":{"rendered":"<p>Chi \u00e8 Blufin &#8211; Surgelato Selezionato? Blufin\u00ae Surgelato Selezionato \u00e8 un marchio di punti di vendita presente ad Aci Bonaccorsi e a Giarre, che tratta prodotti di assoluta qualit\u00e0 nel totale rispetto della catena del freddo. I negozi Blufin sono da sempre garanzia di genuinit\u00e0 e gentilezza, il nostro personale [&hellip;]<\/p>\n","protected":false},"author":1,"featured_media":2350,"parent":0,"menu_order":0,"comment_status":"closed","ping_status":"open","template":"","meta":{"footnotes":""},"class_list":["post-2","page","type-page","status-publish","has-post-thumbnail","hentry"],"_links":{"self":[{"href":"https:\/\/surgelatoselezionato.it\/index.php?rest_route=\/wp\/v2\/pages\/2","targetHints":{"allow":["GET"]}}],"collection":[{"href":"https:\/\/surgelatoselezionato.it\/index.php?rest_route=\/wp\/v2\/pages"}],"about":[{"href":"https:\/\/surgelatoselezionato.it\/index.php?rest_route=\/wp\/v2\/types\/page"}],"author":[{"embeddable":true,"href":"https:\/\/surgelatoselezionato.it\/index.php?rest_route=\/wp\/v2\/users\/1"}],"replies":[{"embeddable":true,"href":"https:\/\/surgelatoselezionato.it\/index.php?rest_route=%2Fwp%2Fv2%2Fcomments&post=2"}],"version-history":[{"count":18,"href":"https:\/\/surgelatoselezionato.it\/index.php?rest_route=\/wp\/v2\/pages\/2\/revisions"}],"predecessor-version":[{"id":3207,"href":"https:\/\/surgelatoselezionato.it\/index.php?rest_route=\/wp\/v2\/pages\/2\/revisions\/3207"}],"wp:featuredmedia":[{"embeddable":true,"href":"https:\/\/surgelatoselezionato.it\/index.php?rest_route=\/wp\/v2\/media\/2350"}],"wp:attachment":[{"href":"https:\/\/surgelatoselezionato.it\/index.php?rest_route=%2Fwp%2Fv2%2Fmedia&parent=2"}],"curies":[{"name":"wp","href":"https:\/\/api.w.org\/{rel}","templated":true}]}}