{"id":774,"date":"2018-04-16T18:17:13","date_gmt":"2018-04-16T16:17:13","guid":{"rendered":"http:\/\/surgelatoselezionato.it\/nuovo\/?page_id=774"},"modified":"2025-06-03T12:53:05","modified_gmt":"2025-06-03T10:53:05","slug":"punti-vendita","status":"publish","type":"page","link":"https:\/\/surgelatoselezionato.it\/?page_id=774","title":{"rendered":"Punti vendita"},"content":{"rendered":"<div id=\"pl-774\"  class=\"panel-layout\" ><div id=\"pg-774-0\"  class=\"panel-grid panel-no-style\" ><div id=\"pgc-774-0-0\"  class=\"panel-grid-cell\" ><div id=\"panel-774-0-0-0\" class=\"so-panel widget widget_text panel-first-child panel-last-child\" data-index=\"0\" >\t\t\t<div class=\"textwidget\"><p>Blufin &#8211; Surgelato selezionato \u00e8 una garanzia di qualit\u00e0 e professionalit\u00e0. Vi aspettiamo nei nostri punti vendita ad Aci Bonaccorsi e a Giarre.<\/p>\n<\/div>\n\t\t<\/div><\/div><\/div><div id=\"pg-774-1\"  class=\"panel-grid panel-has-style\" ><div class=\"siteorigin-panels-stretch panel-row-style panel-row-style-for-774-1\" data-stretch-type=\"full\" ><div id=\"pgc-774-1-0\"  class=\"panel-grid-cell\" ><div id=\"panel-774-1-0-0\" class=\"so-panel widget widget_text panel-first-child panel-last-child\" data-index=\"1\" ><div class=\"panel-widget-style panel-widget-style-for-774-1-0-0\" ><h3 class=\"widget-title\">Aci Bonaccorsi<\/h3>\t\t\t<div class=\"textwidget\"><p>Via Garibaldi, 10 G\/F<br \/>\nAci Bonaccorsi (CT)<\/p>\n<p>Tel. 095 7901142<\/p>\n<p><iframe style=\"border: 0;\" src=\"https:\/\/www.google.com\/maps\/embed?pb=!1m18!1m12!1m3!1d3161.0265151196613!2d15.104860951187074!3d37.601534979692275!2m3!1f0!2f0!3f0!3m2!1i1024!2i768!4f13.1!3m3!1m2!1s0x1313febcb67eaf43%3A0x5b32a6cd4ea65c4!2sBlufin!5e0!3m2!1sit!2sit!4v1485764839597\" frameborder=\"0\" allowfullscreen=\"allowfullscreen\"><\/iframe><\/p>\n<\/div>\n\t\t<\/div><\/div><\/div><div id=\"pgc-774-1-1\"  class=\"panel-grid-cell\" ><div id=\"panel-774-1-1-0\" class=\"so-panel widget widget_text panel-first-child panel-last-child\" data-index=\"2\" ><div class=\"panel-widget-style panel-widget-style-for-774-1-1-0\" ><h3 class=\"widget-title\">Giarre<\/h3>\t\t\t<div class=\"textwidget\"><p>Viale Libert\u00e0, 86<br \/>\nGiarre (CT)<\/p>\n<p>Tel. 095 7792611<\/p>\n<p><iframe src=\"https:\/\/www.google.com\/maps\/embed?pb=!1m14!1m8!1m3!1d1577.861801306071!2d15.18874561111451!3d37.72616514054181!3m2!1i1024!2i768!4f13.1!3m3!1m2!1s0x0%3A0xb1034bdd2fa9215!2sBlue+Fin!5e0!3m2!1sit!2sit!4v1523893758284\" frameborder=\"0\" allowfullscreen=\"allowfullscreen\"><\/iframe><\/p>\n<\/div>\n\t\t<\/div><\/div><\/div><\/div><\/div><\/div>","protected":false},"excerpt":{"rendered":"<p>Blufin &#8211; Surgelato selezionato \u00e8 una garanzia di qualit\u00e0 e professionalit\u00e0. Vi aspettiamo nei nostri punti vendita ad Aci Bonaccorsi e a Giarre. Via Garibaldi, 10 G\/F Aci Bonaccorsi (CT) Tel. 095 7901142 Viale Libert\u00e0, 86 Giarre (CT) Tel. 095 7792611<\/p>\n","protected":false},"author":1,"featured_media":3269,"parent":0,"menu_order":0,"comment_status":"closed","ping_status":"closed","template":"","meta":{"footnotes":""},"class_list":["post-774","page","type-page","status-publish","has-post-thumbnail","hentry"],"_links":{"self":[{"href":"https:\/\/surgelatoselezionato.it\/index.php?rest_route=\/wp\/v2\/pages\/774","targetHints":{"allow":["GET"]}}],"collection":[{"href":"https:\/\/surgelatoselezionato.it\/index.php?rest_route=\/wp\/v2\/pages"}],"about":[{"href":"https:\/\/surgelatoselezionato.it\/index.php?rest_route=\/wp\/v2\/types\/page"}],"author":[{"embeddable":true,"href":"https:\/\/surgelatoselezionato.it\/index.php?rest_route=\/wp\/v2\/users\/1"}],"replies":[{"embeddable":true,"href":"https:\/\/surgelatoselezionato.it\/index.php?rest_route=%2Fwp%2Fv2%2Fcomments&post=774"}],"version-history":[{"count":50,"href":"https:\/\/surgelatoselezionato.it\/index.php?rest_route=\/wp\/v2\/pages\/774\/revisions"}],"predecessor-version":[{"id":3265,"href":"https:\/\/surgelatoselezionato.it\/index.php?rest_route=\/wp\/v2\/pages\/774\/revisions\/3265"}],"wp:featuredmedia":[{"embeddable":true,"href":"https:\/\/surgelatoselezionato.it\/index.php?rest_route=\/wp\/v2\/media\/3269"}],"wp:attachment":[{"href":"https:\/\/surgelatoselezionato.it\/index.php?rest_route=%2Fwp%2Fv2%2Fmedia&parent=774"}],"curies":[{"name":"wp","href":"https:\/\/api.w.org\/{rel}","templated":true}]}}